{"id":1791,"date":"2023-07-08T04:18:00","date_gmt":"2023-07-08T07:18:00","guid":{"rendered":"https:\/\/eleicoes2023.cauce.gov.br\/?ajde_events=divulgacao-dos-resultados-preliminares-das-eleicoes-2"},"modified":"2023-07-08T04:18:00","modified_gmt":"2023-07-08T07:18:00","slug":"divulgacao-dos-resultados-preliminares-das-eleicoes-2","status":"publish","type":"ajde_events","link":"https:\/\/eleicoes2023.cauce.gov.br\/?ajde_events=divulgacao-dos-resultados-preliminares-das-eleicoes-2","title":{"rendered":"DIVULGA\u00c7\u00c3O DOS RESULTADOS PRELIMINARES DAS ELEI\u00c7\u00d5ES"},"content":{"rendered":"","protected":false},"author":0,"featured_media":0,"menu_order":0,"comment_status":"open","ping_status":"closed","template":"","meta":[],"tags":[],"event_type":[],"event_type_2":[],"acf":[],"_links":{"self":[{"href":"https:\/\/eleicoes2023.cauce.gov.br\/index.php?rest_route=\/wp\/v2\/ajde_events\/1791"}],"collection":[{"href":"https:\/\/eleicoes2023.cauce.gov.br\/index.php?rest_route=\/wp\/v2\/ajde_events"}],"about":[{"href":"https:\/\/eleicoes2023.cauce.gov.br\/index.php?rest_route=\/wp\/v2\/types\/ajde_events"}],"replies":[{"embeddable":true,"href":"https:\/\/eleicoes2023.cauce.gov.br\/index.php?rest_route=%2Fwp%2Fv2%2Fcomments&post=1791"}],"wp:attachment":[{"href":"https:\/\/eleicoes2023.cauce.gov.br\/index.php?rest_route=%2Fwp%2Fv2%2Fmedia&parent=1791"}],"wp:term":[{"taxonomy":"post_tag","embeddable":true,"href":"https:\/\/eleicoes2023.cauce.gov.br\/index.php?rest_route=%2Fwp%2Fv2%2Ftags&post=1791"},{"taxonomy":"event_type","embeddable":true,"href":"https:\/\/eleicoes2023.cauce.gov.br\/index.php?rest_route=%2Fwp%2Fv2%2Fevent_type&post=1791"},{"taxonomy":"event_type_2","embeddable":true,"href":"https:\/\/eleicoes2023.cauce.gov.br\/index.php?rest_route=%2Fwp%2Fv2%2Fevent_type_2&post=1791"}],"curies":[{"name":"wp","href":"https:\/\/api.w.org\/{rel}","templated":true}]}}

DIVULGAÇÃO DOS RESULTADOS PRELIMINARES DAS ELEIÇÕES
