{"id":2437,"date":"2023-08-18T10:41:42","date_gmt":"2023-08-18T13:41:42","guid":{"rendered":"https:\/\/eleicoes2023.caubr.gov.br\/?page_id=2437"},"modified":"2023-10-24T16:35:14","modified_gmt":"2023-10-24T19:35:14","slug":"chapas-registradas","status":"publish","type":"page","link":"https:\/\/eleicoes2023.cauce.gov.br\/?page_id=2437","title":{"rendered":"Chapas registradas"},"content":{"rendered":"<p>&nbsp;<\/p>\n<p>\u2705 <a href=\"http:\/\/eleicoes2023.cauce.gov.br\/wp-content\/uploads\/sites\/75\/2023\/10\/Extrato-de-impugnacao.pdf\">EXTRATO DE PEDIDO DE IMPUGNA\u00c7\u00c3O DO RESULTADO DAS ELEI\u00c7\u00d5ES<\/a><\/p>\n<blockquote><p>&nbsp;<\/p><\/blockquote>\n<p>\u2705 <a href=\"http:\/\/eleicoes2023.cauce.gov.br\/wp-content\/uploads\/sites\/75\/2023\/10\/Resultado-preliminar.pdf\">Resultado e composi\u00e7\u00e3o preliminar do plen\u00e1rio do CAU\/CE<\/a><\/p>\n<blockquote><p><em>O resultado preliminar completo por cada estado pode ser acessado no site eleitoral nacional neste <a href=\"https:\/\/eleicoes2023.caubr.gov.br\/resultado-preliminar\/\">link.<\/a><\/em><\/p><\/blockquote>\n<p>\u2705 \u00a0<a href=\"http:\/\/eleicoes2023.cauce.gov.br\/wp-content\/uploads\/sites\/75\/2023\/09\/Minuta-Extrato-de-Recursos-1-1.pdf\">RECURSO AO JULGAMENTO DAS CHAPAS<\/a><\/p>\n<p>\u2705\u00a0 <a href=\"https:\/\/eleicoes2023.cauce.gov.br\/wp-content\/uploads\/sites\/75\/2023\/09\/Extrato-de-pedidos-de-impugnacao_ass-1.pdf\">Divulga\u00e7\u00e3o dos extratos de PEDIDO DE IMPUGNA\u00c7\u00c3O DE REGISTRO DE CANDIDATURA<\/a><\/p>\n<p>\u2705 <a href=\"http:\/\/eleicoes2023.cauce.gov.br\/wp-content\/uploads\/sites\/75\/2023\/08\/Extrato-Chapa-reduzido-1.pdf\">Divulga\u00e7\u00e3o dos pedidos de REGISTRO DE CANDIDATURA\u00a0 de conselheiros titulares e respectivos suplentes<\/a><\/p>\n<p>&nbsp;<\/p>\n<blockquote><p><em>No \u00e2mbito das Elei\u00e7\u00f5es do Conselho de Arquitetura e Urbanismo do Cear\u00e1 (CAU\/CE) de 2023, um importante passo foi dado em dire\u00e7\u00e3o \u00e0 prote\u00e7\u00e3o da privacidade dos candidatos e eleitores. Em conformidade com a Lei Geral de Prote\u00e7\u00e3o de Dados (LGPD), <strong>algumas informa\u00e7\u00f5es pessoais foram ocultadas nos extratos de candidaturas<\/strong>, assegurando uma abordagem mais equilibrada entre transpar\u00eancia e preserva\u00e7\u00e3o da privacidade.<\/em><\/p>\n<p><em>A LGPD foi concebida com a finalidade de salvaguardar os direitos fundamentais das pessoas em rela\u00e7\u00e3o ao tratamento de seus dados pessoais. Nesse contexto, a oculta\u00e7\u00e3o de alguns dados pessoais nas candidaturas busca evitar potenciais abusos e exposi\u00e7\u00e3o indevida, garantindo que essas informa\u00e7\u00f5es n\u00e3o sejam utilizadas de maneira inadequada ou mal-intencionada.<\/em><\/p>\n<p><em>\u00c9 importante ressaltar que essa medida n\u00e3o compromete a integridade do processo eleitoral. Pelo contr\u00e1rio, ela reflete o compromisso do CAU\/CE em adotar pr\u00e1ticas modernas e respons\u00e1veis de tratamento de dados, alinhadas com as melhores pr\u00e1ticas internacionais de prote\u00e7\u00e3o da privacidade.<\/em><\/p><\/blockquote>\n<p>&nbsp;<\/p>\n<p>&nbsp;<\/p>\n<p>CONFORME O REGULAMENTO ELEITORAL, EM 21 DE AGOSTO DE 2023 HAVER\u00c1 A PUBLICA\u00c7\u00c3O DOS PEDIDOS DE REGISTRO DE CANDIDATURA E DA NUMERA\u00c7\u00c3O<\/p>\n<p>&nbsp;<\/p>\n","protected":false},"excerpt":{"rendered":"<p>&nbsp; \u2705 EXTRATO DE PEDIDO DE IMPUGNA\u00c7\u00c3O DO RESULTADO DAS ELEI\u00c7\u00d5ES &nbsp; \u2705 Resultado e composi\u00e7\u00e3o preliminar do plen\u00e1rio do CAU\/CE O resultado preliminar completo por cada estado pode ser acessado no site eleitoral nacional neste link. \u2705 \u00a0RECURSO AO JULGAMENTO DAS CHAPAS \u2705\u00a0 Divulga\u00e7\u00e3o dos extratos de PEDIDO DE IMPUGNA\u00c7\u00c3O DE REGISTRO DE CANDIDATURA [&hellip;]<\/p>\n","protected":false},"author":14,"featured_media":0,"parent":0,"menu_order":0,"comment_status":"closed","ping_status":"closed","template":"","meta":[],"acf":[],"_links":{"self":[{"href":"https:\/\/eleicoes2023.cauce.gov.br\/index.php?rest_route=\/wp\/v2\/pages\/2437"}],"collection":[{"href":"https:\/\/eleicoes2023.cauce.gov.br\/index.php?rest_route=\/wp\/v2\/pages"}],"about":[{"href":"https:\/\/eleicoes2023.cauce.gov.br\/index.php?rest_route=\/wp\/v2\/types\/page"}],"author":[{"embeddable":true,"href":"https:\/\/eleicoes2023.cauce.gov.br\/index.php?rest_route=\/wp\/v2\/users\/14"}],"replies":[{"embeddable":true,"href":"https:\/\/eleicoes2023.cauce.gov.br\/index.php?rest_route=%2Fwp%2Fv2%2Fcomments&post=2437"}],"version-history":[{"count":17,"href":"https:\/\/eleicoes2023.cauce.gov.br\/index.php?rest_route=\/wp\/v2\/pages\/2437\/revisions"}],"predecessor-version":[{"id":2760,"href":"https:\/\/eleicoes2023.cauce.gov.br\/index.php?rest_route=\/wp\/v2\/pages\/2437\/revisions\/2760"}],"wp:attachment":[{"href":"https:\/\/eleicoes2023.cauce.gov.br\/index.php?rest_route=%2Fwp%2Fv2%2Fmedia&parent=2437"}],"curies":[{"name":"wp","href":"https:\/\/api.w.org\/{rel}","templated":true}]}}

<p>&nbsp;</p>
<p>✅ <a href="http://eleicoes2023.cauce.gov.br/wp-content/uploads/sites/75/2023/10/Extrato-de-impugnacao.pdf">EXTRATO DE PEDIDO DE IMPUGNAÇÃO DO RESULTADO DAS ELEIÇÕES</a></p>
<blockquote><p>&nbsp;</p></blockquote>
<p>✅ <a href="http://eleicoes2023.cauce.gov.br/wp-content/uploads/sites/75/2023/10/Resultado-preliminar.pdf">Resultado e composição preliminar do plenário do CAU/CE</a></p>
<blockquote><p><em>O resultado preliminar completo por cada estado pode ser acessado no site eleitoral nacional neste <a href="https://eleicoes2023.caubr.gov.br/resultado-preliminar/">link.</a></em></p></blockquote>
<p>✅  <a href="http://eleicoes2023.cauce.gov.br/wp-content/uploads/sites/75/2023/09/Minuta-Extrato-de-Recursos-1-1.pdf">RECURSO AO JULGAMENTO DAS CHAPAS</a></p>
<p>✅  <a href="https://eleicoes2023.cauce.gov.br/wp-content/uploads/sites/75/2023/09/Extrato-de-pedidos-de-impugnacao_ass-1.pdf">Divulgação dos extratos de PEDIDO DE IMPUGNAÇÃO DE REGISTRO DE CANDIDATURA</a></p>
<p>✅ <a href="http://eleicoes2023.cauce.gov.br/wp-content/uploads/sites/75/2023/08/Extrato-Chapa-reduzido-1.pdf">Divulgação dos pedidos de REGISTRO DE CANDIDATURA  de conselheiros titulares e respectivos suplentes</a></p>
<p>&nbsp;</p>
<blockquote><p><em>No âmbito das Eleições do Conselho de Arquitetura e Urbanismo do Ceará (CAU/CE) de 2023, um importante passo foi dado em direção à proteção da privacidade dos candidatos e eleitores. Em conformidade com a Lei Geral de Proteção de Dados (LGPD), <strong>algumas informações pessoais foram ocultadas nos extratos de candidaturas</strong>, assegurando uma abordagem mais equilibrada entre transparência e preservação da privacidade.</em></p>
<p><em>A LGPD foi concebida com a finalidade de salvaguardar os direitos fundamentais das pessoas em relação ao tratamento de seus dados pessoais. Nesse contexto, a ocultação de alguns dados pessoais nas candidaturas busca evitar potenciais abusos e exposição indevida, garantindo que essas informações não sejam utilizadas de maneira inadequada ou mal-intencionada.</em></p>
<p><em>É importante ressaltar que essa medida não compromete a integridade do processo eleitoral. Pelo contrário, ela reflete o compromisso do CAU/CE em adotar práticas modernas e responsáveis de tratamento de dados, alinhadas com as melhores práticas internacionais de proteção da privacidade.</em></p></blockquote>
<p>&nbsp;</p>
<p>&nbsp;</p>
<p>CONFORME O REGULAMENTO ELEITORAL, EM 21 DE AGOSTO DE 2023 HAVERÁ A PUBLICAÇÃO DOS PEDIDOS DE REGISTRO DE CANDIDATURA E DA NUMERAÇÃO</p>
<p>&nbsp;</p>

<p>&nbsp; ✅ EXTRATO DE PEDIDO DE IMPUGNAÇÃO DO RESULTADO DAS ELEIÇÕES &nbsp; ✅ Resultado e composição preliminar do plenário do CAU/CE O resultado preliminar completo por cada estado pode ser acessado no site eleitoral nacional neste link. ✅  RECURSO AO JULGAMENTO DAS CHAPAS ✅  Divulgação dos extratos de PEDIDO DE IMPUGNAÇÃO DE REGISTRO DE CANDIDATURA [&hellip;]</p>
