{"id":2597,"date":"2023-09-28T13:23:45","date_gmt":"2023-09-28T16:23:45","guid":{"rendered":"https:\/\/eleicoes2023.cauce.gov.br\/?page_id=2597"},"modified":"2024-01-23T10:14:29","modified_gmt":"2024-01-23T13:14:29","slug":"denuncias","status":"publish","type":"page","link":"https:\/\/eleicoes2023.cauce.gov.br\/?page_id=2597","title":{"rendered":"Den\u00fancias"},"content":{"rendered":"<h2 class=\"elementor-heading-title elementor-size-default\"><img decoding=\"async\" src=\"https:\/\/eleicoes2023.caubr.gov.br\/wp-content\/uploads\/2023\/05\/icone.png\" width=\"18\" \/>\u00a0 Certid\u00f5es de Tr\u00e2nsito em Julgado<\/h2>\n<p>&nbsp;<\/p>\n<p><a href=\"http:\/\/eleicoes2023.cauce.gov.br\/wp-content\/uploads\/sites\/75\/2023\/11\/Certidao-de-Transito-58-CE.pdf\">Certid\u00e3o de Tr\u00e2nsito 58-CE<\/a><\/p>\n<p><a href=\"http:\/\/eleicoes2023.cauce.gov.br\/wp-content\/uploads\/sites\/75\/2023\/11\/Certidao-de-Transito-75-CE.pdf\">Certid\u00e3o de Tr\u00e2nsito 75-CE<\/a><\/p>\n<p><a href=\"http:\/\/eleicoes2023.cauce.gov.br\/wp-content\/uploads\/sites\/75\/2023\/11\/Certidao-de-Transito-91-CE.pdf\">Certid\u00e3o de Tr\u00e2nsito 91-CE<\/a><\/p>\n<p><a href=\"http:\/\/eleicoes2023.cauce.gov.br\/wp-content\/uploads\/sites\/75\/2023\/11\/Certidao-de-Transito-92-CE.pdf\">Certid\u00e3o de Tr\u00e2nsito 92-CE<\/a><\/p>\n<p><a href=\"http:\/\/eleicoes2023.cauce.gov.br\/wp-content\/uploads\/sites\/75\/2023\/11\/Certidao-de-Transito-93-CE.pdf\">Certid\u00e3o de Tr\u00e2nsito 93-CE<\/a><\/p>\n<p><a href=\"http:\/\/eleicoes2023.cauce.gov.br\/wp-content\/uploads\/sites\/75\/2023\/11\/Certidao-de-Transito-94-CE.pdf\">Certid\u00e3o de Tr\u00e2nsito 94-CE<\/a><\/p>\n<p><a href=\"http:\/\/eleicoes2023.cauce.gov.br\/wp-content\/uploads\/sites\/75\/2023\/11\/Certidao-de-Transito-96-CE.pdf\">Certid\u00e3o de Tr\u00e2nsito 96-CE<\/a><\/p>\n<p><a href=\"http:\/\/eleicoes2023.cauce.gov.br\/wp-content\/uploads\/sites\/75\/2023\/11\/Certidao-de-Transito-97-CE.pdf\">Certid\u00e3o de Tr\u00e2nsito 97-CE<\/a><\/p>\n<p><a href=\"http:\/\/eleicoes2023.cauce.gov.br\/wp-content\/uploads\/sites\/75\/2023\/11\/Certidao-de-Transito-110-CE.pdf\">Certid\u00e3o de Tr\u00e2nsito 110-CE<\/a><\/p>\n<p><a href=\"http:\/\/eleicoes2023.cauce.gov.br\/wp-content\/uploads\/sites\/75\/2023\/11\/Certidao-de-Transito-118-CE.pdf\">Certid\u00e3o de Tr\u00e2nsito 118-CE<\/a><\/p>\n<p>&nbsp;<\/p>\n<h2 class=\"elementor-heading-title elementor-size-default\"><img decoding=\"async\" src=\"https:\/\/eleicoes2023.caubr.gov.br\/wp-content\/uploads\/2023\/05\/icone.png\" width=\"18\" \/>\u00a0 Extratos de recurso<\/h2>\n<p><a href=\"http:\/\/eleicoes2023.cauce.gov.br\/wp-content\/uploads\/sites\/75\/2024\/01\/EXTRATO-DE-RECURSOS-2024-ASSINADO.pdf\">Extrato de recursos ao julgamento da CE-CE da den\u00fancia n\u00ba 56 e 183<\/a> publicado em 23\/01\/2024<\/p>\n<p><a href=\"http:\/\/eleicoes2023.cauce.gov.br\/wp-content\/uploads\/sites\/75\/2023\/11\/EXTRATO-DE-RECURSOS-3-1.pdf\">Extrato de recursos ao julgamento da CE-CE da den\u00fancia n\u00ba 76<\/a> publicado em 22\/11\/2023<\/p>\n<p><a href=\"http:\/\/eleicoes2023.cauce.gov.br\/wp-content\/uploads\/sites\/75\/2023\/11\/EXTRATO-DE-RECURSOS-3.pdf\">Extrato de recursos ao julgamento da CE-CE da den\u00fancia n\u00ba 185<\/a> publicado em 20\/11\/2023<\/p>\n<p><a href=\"http:\/\/eleicoes2023.cauce.gov.br\/wp-content\/uploads\/sites\/75\/2023\/11\/EXTRATO-DE-RECURSOS-2.pdf\">Extrato de recursos ao julgamento da CE-CE das den\u00fancias n\u00ba 68, 86 e 95<\/a> publicado em 08\/11\/2023<\/p>\n<p><a href=\"http:\/\/eleicoes2023.cauce.gov.br\/wp-content\/uploads\/sites\/75\/2023\/10\/EXTRATO-DE-RECURSOS_ass.pdf\">Extrato de recursos ao julgamento da CE-CE das den\u00fancias n\u00ba 57, 59 e 64<\/a> publicado em 31\/10\/2023<\/p>\n<p>&nbsp;<\/p>\n<h2 class=\"elementor-heading-title elementor-size-default\"><img decoding=\"async\" src=\"https:\/\/eleicoes2023.caubr.gov.br\/wp-content\/uploads\/2023\/05\/icone.png\" width=\"18\" \/>\u00a0 Extratos de julgamento<\/h2>\n<p><a href=\"http:\/\/eleicoes2023.cauce.gov.br\/wp-content\/uploads\/sites\/75\/2024\/01\/Extrato-de-julgamento-17012024.pdf\">Extrato de julgamento den\u00fancias n\u00ba 56 e 183<\/a> publicado em 17\/01\/2o24<\/p>\n<p><a href=\"http:\/\/eleicoes2023.cauce.gov.br\/wp-content\/uploads\/sites\/75\/2023\/11\/Extrato-de-julgamento-3.pdf\">Extrato de julgamento den\u00fancias 185, 75 e 76<\/a> publicado em 16\/11\/2o23<\/p>\n<p><a href=\"http:\/\/eleicoes2023.cauce.gov.br\/wp-content\/uploads\/sites\/75\/2023\/11\/Extrato-de-julgamento-2.pdf\">Extrato de julgamento den\u00fancias 68, 86 e 95<\/a> publicado em 01\/11\/2023<\/p>\n<p><a href=\"http:\/\/eleicoes2023.cauce.gov.br\/wp-content\/uploads\/sites\/75\/2023\/10\/Extrato-de-julgamento.pdf\">Extrato de julgamento den\u00fancias n\u00ba 57, 59 e 64<\/a> publicado em 25\/10\/2023<\/p>\n<p>&nbsp;<\/p>\n<h2 class=\"elementor-heading-title elementor-size-default\"><img decoding=\"async\" src=\"https:\/\/eleicoes2023.caubr.gov.br\/wp-content\/uploads\/2023\/05\/icone.png\" width=\"18\" \/>\u00a0 Per\u00edodo de 11\/10\/2023 a 17\/10\/2023<\/h2>\n<p>&nbsp;<\/p>\n<p><a href=\"http:\/\/eleicoes2023.cauce.gov.br\/wp-content\/uploads\/sites\/75\/2023\/10\/EXTRATO-DE-DENUNCIAS-1810.pdf\">Extrato de den\u00fancias admitidas n\u00ba 183 e 185.<\/a><\/p>\n<p>&nbsp;<\/p>\n<h2 class=\"elementor-heading-title elementor-size-default\"><img decoding=\"async\" src=\"https:\/\/eleicoes2023.caubr.gov.br\/wp-content\/uploads\/2023\/05\/icone.png\" width=\"18\" \/>\u00a0 Per\u00edodo de 08\/10\/2023 a 10\/10\/2023<\/h2>\n<p>&nbsp;<\/p>\n<p><a href=\"http:\/\/eleicoes2023.cauce.gov.br\/wp-content\/uploads\/sites\/75\/2023\/10\/EXTRATO-DE-DENUNCIA-118.pdf\">Extrato de den\u00fancia inadmitida n\u00ba 118.<\/a><\/p>\n<p>&nbsp;<\/p>\n<h2 class=\"elementor-heading-title elementor-size-default\"><img decoding=\"async\" src=\"https:\/\/eleicoes2023.caubr.gov.br\/wp-content\/uploads\/2023\/05\/icone.png\" width=\"18\" \/>\u00a0 Per\u00edodo de 28\/09\/2023 a 07\/10\/2023<\/h2>\n<p>&nbsp;<\/p>\n<p><a href=\"http:\/\/eleicoes2023.cauce.gov.br\/wp-content\/uploads\/sites\/75\/2023\/10\/Extrato-de-denuncia-admitida-95-e-inadmitidas-91-92-93-94-96-97-110.pdf\">Extrato de den\u00fancias n\u00ba 95 (admitida), 91, 92, 93, 94, 96, 97 e 110 (inadmitidas)<\/a><\/p>\n<p><a href=\"http:\/\/eleicoes2023.cauce.gov.br\/wp-content\/uploads\/sites\/75\/2023\/10\/EXTRATO-DE-DENUNCIAS-ADMITIDAS.pdf\">Extrato de den\u00fancias admitidas n\u00ba 68, 75, 76 e 86<\/a><\/p>\n<p><a href=\"http:\/\/eleicoes2023.cauce.gov.br\/wp-content\/uploads\/sites\/75\/2023\/10\/Decisao_Liminar_003.pdf\">Decis\u00e3o liminar N\u00ba 003\/2023<\/a><\/p>\n<p><a href=\"http:\/\/eleicoes2023.cauce.gov.br\/wp-content\/uploads\/sites\/75\/2023\/10\/Decisao_Liminar_002.pdf\">Decis\u00e3o liminar N\u00ba 002\/2023<\/a><\/p>\n<p><a href=\"http:\/\/eleicoes2023.cauce.gov.br\/wp-content\/uploads\/sites\/75\/2023\/10\/SANCAO-DE-ADVERTENCIA-PUBLICA_CHAPA_SOMAR.pdf\">San\u00e7\u00e3o de Advert\u00eancia P\u00fablica aplicada \u00e0 Chapa 02 (Somar)<\/a><\/p>\n<p>&nbsp;<\/p>\n<h2 class=\"elementor-heading-title elementor-size-default\"><img decoding=\"async\" src=\"https:\/\/eleicoes2023.caubr.gov.br\/wp-content\/uploads\/2023\/05\/icone.png\" width=\"18\" \/>\u00a0 Per\u00edodo de 21\/09\/2023 a 27\/09\/2023<\/h2>\n<p>&nbsp;<\/p>\n<p><a href=\"http:\/\/eleicoes2023.cauce.gov.br\/wp-content\/uploads\/sites\/75\/2023\/09\/Decisao_Liminar_001_ass_assinado_assinado.pdf\">Decis\u00e3o liminar N\u00ba 001\/2023 &#8211; ERRATA<\/a><\/p>\n<p><a href=\"http:\/\/eleicoes2023.cauce.gov.br\/wp-content\/uploads\/sites\/75\/2023\/09\/Decisao_Liminar_001_assinado_assinado.pdf\">Decis\u00e3o liminar N\u00ba 001\/2023<\/a><\/p>\n<p><a href=\"http:\/\/eleicoes2023.cauce.gov.br\/wp-content\/uploads\/sites\/75\/2023\/09\/EXTRATO-DE-DENUNCIAS.pdf\">Extrato de den\u00fancias<\/a><\/p>\n<p>&nbsp;<\/p>\n<p>&nbsp;<\/p>\n<h2 class=\"elementor-heading-title elementor-size-default\"><img decoding=\"async\" src=\"https:\/\/eleicoes2023.caubr.gov.br\/wp-content\/uploads\/2023\/05\/icone.png\" width=\"18\" \/> \u00a0<strong>Per\u00edodo de 21\/08\/23 a 20\/09\/2023<\/strong><\/h2>\n<p><em>N\u00c3O OCORRERAM DEN\u00daNCIAS<\/em><\/p>\n","protected":false},"excerpt":{"rendered":"<p>\u00a0 Certid\u00f5es de Tr\u00e2nsito em Julgado &nbsp; Certid\u00e3o de Tr\u00e2nsito 58-CE Certid\u00e3o de Tr\u00e2nsito 75-CE Certid\u00e3o de Tr\u00e2nsito 91-CE Certid\u00e3o de Tr\u00e2nsito 92-CE Certid\u00e3o de Tr\u00e2nsito 93-CE Certid\u00e3o de Tr\u00e2nsito 94-CE Certid\u00e3o de Tr\u00e2nsito 96-CE Certid\u00e3o de Tr\u00e2nsito 97-CE Certid\u00e3o de Tr\u00e2nsito 110-CE Certid\u00e3o de Tr\u00e2nsito 118-CE &nbsp; \u00a0 Extratos de recurso Extrato de recursos [&hellip;]<\/p>\n","protected":false},"author":14,"featured_media":0,"parent":0,"menu_order":0,"comment_status":"closed","ping_status":"closed","template":"","meta":[],"acf":[],"_links":{"self":[{"href":"https:\/\/eleicoes2023.cauce.gov.br\/index.php?rest_route=\/wp\/v2\/pages\/2597"}],"collection":[{"href":"https:\/\/eleicoes2023.cauce.gov.br\/index.php?rest_route=\/wp\/v2\/pages"}],"about":[{"href":"https:\/\/eleicoes2023.cauce.gov.br\/index.php?rest_route=\/wp\/v2\/types\/page"}],"author":[{"embeddable":true,"href":"https:\/\/eleicoes2023.cauce.gov.br\/index.php?rest_route=\/wp\/v2\/users\/14"}],"replies":[{"embeddable":true,"href":"https:\/\/eleicoes2023.cauce.gov.br\/index.php?rest_route=%2Fwp%2Fv2%2Fcomments&post=2597"}],"version-history":[{"count":28,"href":"https:\/\/eleicoes2023.cauce.gov.br\/index.php?rest_route=\/wp\/v2\/pages\/2597\/revisions"}],"predecessor-version":[{"id":2912,"href":"https:\/\/eleicoes2023.cauce.gov.br\/index.php?rest_route=\/wp\/v2\/pages\/2597\/revisions\/2912"}],"wp:attachment":[{"href":"https:\/\/eleicoes2023.cauce.gov.br\/index.php?rest_route=%2Fwp%2Fv2%2Fmedia&parent=2597"}],"curies":[{"name":"wp","href":"https:\/\/api.w.org\/{rel}","templated":true}]}}